 remainder when 47 is divided by t(-17)?
7
Suppose 0 = 2*w - w - 17. What is the remainder when 33 is divided by w?
16
What is the remainder when 21/12*20 - 3/(-1) is divided by 13?
12
Suppose 0*z = 5*b - 2*z, 4*z = 3*b - 14. What is the remainder when b/10 + 1104/20 is divided by 14?
13
Suppose 0 = y - 2*s - 42 - 30, 0 = -3*y + 5*s + 215. Let q = -32 + 50. What is the remainder when y is divided by q?
16
Let s(m) = -3*m**2 - 34*m - 8. Calculate the remainder when s(-6) is divided by 23.
19
Calculate the remainder when 16 is divided by 10/15 + 48/9.
4
Let b = 2 - 10. Let u = -6 - b. Calculate the remainder when 5 is divided by u.
1
Let s = 29 + -41. Let n = 39 + s. What is the remainder when n is divided by 14?
13
Let y(v) = -v**3 + 4*v**2 + 3. Suppose 3*s - 6 = -2*r, 4*s - 2 = -4*r + 2. Calculate the remainder when 7 is divided by y(s).
1
Suppose 0 = 5*c - 4*v - 29, c + 2*c - 11 = 4*v. What is the remainder when c is divided by 3*1/(3/5)?
4
Suppose 0 = -6*d + 212 - 62. Calculate the remainder when d is divided by 7.
4
Suppose -r + 56 = -5*q, 5*r + 3*q - 324 = 6*q. What is the remainder when r is divided by 34?
32
Suppose -2*f - 5*h = 101 - 449, 4*f + 2*h - 728 = 0. What is the remainder when f is divided by 17?
14
Suppose 0 = 3*c - k - 170 + 60, -3*c + 3*k + 102 = 0. Let h(z) = 3*z**2 + z. Calculate the remainder when c is divided by h(-2).
8
Suppose -3 = -q + 3*b + 4, 0 = 3*b - 6. Calculate the remainder when 36 is divided by q.
10
Suppose 5*q + 4*c - 30 = 0, 3*c = 2*q + q + 9. Suppose 12 = q*u - 0. What is the remainder when 21 is divided by u?
3
Let s = -12 - -17. What is the remainder when 11 is divided by s?
1
Suppose -3*p - 5 = 2*p. Let y be (-2 - p)/(2/(-14)). Calculate the remainder when 13 is divided by y + (1 - 2/2).
6
Suppose 2*v + 38 = 162. Calculate the remainder when v is divided by 16.
14
Let b = 32 + -18. What is the remainder when 41 is divided by b?
13
What is the remainder when (106/(-4))/((-6)/12) is divided by 14?
11
Suppose 4*x - 70 = f, 3*x - 58 = -f - f. Calculate the remainder when 67 is divided by x.
13
Suppose -6 = 2*i - 4*y, -3*y + 5 = -2*y. Suppose -i*q + 21 = -4*q. Suppose -4*j + 5 = -7. Calculate the remainder when q is divided by j.
1
Let a = 17 + 19. What is the remainder when a is divided by 19?
17
Suppose 221 = 8*x - 11. Calculate the remainder when 56 is divided by x.
27
Suppose 2*m - 10 = 4. Let i = 10 - m. Let f = -1 + i. What is the remainder when 4 is divided by f?
0
Let t(p) = 35*p. Let i be t(-1). Let b = 89 + i. What is the remainder when b is divided by 19?
16
Let p = -8 - -58. Calculate the remainder when p is divided by 14.
8
Let r(k) = -k - 2. Let j be r(-3). Let y(z) = 11*z**3 - 2*z**2 + z. What is the remainder when 28 is divided by y(j)?
8
Calculate the remainder when ((-405)/18)/((-1)/2) is divided by 16.
13
Let w be 2*1 + (3 - 2). Let h(r) = -r**2 + 5*r - 3. Let j be h(w). Suppose 5*m - 7*y = -j*y - 11, y - 3 = m. Calculate the remainder when 1 is divided by m.
0
Suppose 4*n = 5 + 15. Suppose 3 + 12 = n*c. Suppose -q + 96 = 2*q - c*x, -q + 26 = x. What is the remainder when q is divided by 10?
9
Suppose 0 = 41*j - 42*j + 11. Suppose 0*x + 2*q + 4 = 2*x, 0 = -q. Calculate the remainder when j is divided by x.
1
Suppose -5 = 2*j - 3, -n - 2*j + 5 = 0. What is the remainder when 27 is divided by n?
6
Let y = -3 + 14. What is the remainder when y is divided by 6?
5
Suppose 0 = -0*j + 2*j - 86. Suppose 3*p + 64 = p + 3*t, 0 = p - 5*t + 46. Let m = p + 41. Calculate the remainder when j is divided by m.
13
Suppose -6*n + 2*n + 8 = 0. Suppose -n*y - 70 = -4*u, u - 5*y + 2 = -3. What is the remainder when 37 is divided by u?
17
Suppose -5*i = -6*i, -5*p = 4*i - 35. Let m(t) = t**2 + t + 25. Let o be 1 + (2 + -1)/(-1). Calculate the remainder when m(o) is divided by p.
4
Let v(a) = a**2 + 3*a - 11. Let n = 5 - 0. Suppose -2*t + 40 = 2*j, 5*t - 50 = n*j - 0. Calculate the remainder when v(6) is divided by t.
13
Let s = -60 - -143. What is the remainder when s is divided by 14?
13
Suppose -127 - 49 = -4*p. What is the remainder when 65 is divided by (p/(-5))/(2/(-5))?
21
Let l = 59 - 32. Let a = 304 - 289. What is the remainder when l is divided by a?
12
Let n be (-5*1)/(-4 + 3). Suppose 3*z - n*b = 5*z - 42, -4*z - 4*b = -60. What is the remainder when 43 is divided by z?
10
Let b(r) = -r**3 - 5*r**2 - 5*r - 4. Suppose -5 - 15 = 4*f. Let v be b(f). Suppose -7 - v = -z. Calculate the remainder when z is divided by 10.
8
Suppose -84 = -3*q - q. Calculate the remainder when 81 is divided by q.
18
Let v(d) = -2*d**2 + 53*d - 10. Suppose 3*c = 0, 4*q + 5*c - 449 = -73. Calculate the remainder when q is divided by v(26).
14
Let j(t) be the first derivative of t**3/3 - 5*t**2/2 - 4*t + 3. Calculate the remainder when 39 is divided by j(8).
19
Let o = -6 - -11. Suppose 0*u = -3*u + 39. Let i = 21 - u. Calculate the remainder when i is divided by o.
3
Suppose 2*w - 30 = -4*g, -2*w - 5*g = w - 42. What is the remainder when 53 is divided by w?
8
Let v = -1129 - -804. What is the remainder when ((-12)/(-15))/((-5)/v) is divided by 18?
16
Suppose -5*r - 5 = 0, -3 = -h - 3*r + r. Let o = h - 2. What is the remainder when o is divided by 2?
1
Let m be 0 + 0 + 156/3. Suppose 5*j = 628 + m. Suppose -4*c + j = -4. What is the remainder when c is divided by 18?
17
What is the remainder when 50 is divided by -13*(-2)/4*2?
11
Let s(f) = -f + 2. Let j(b) = -2*b**2 + 2*b - 1. Let q be j(2). Let h = 6 - 2. What is the remainder when s(q) is divided by h?
3
Let l(y) = -y**3 + 5*y**2 + 3*y + 1. Let i be l(5). Let h = 7 + i. What is the remainder when h is divided by 13?
10
Let z = -1188 + 844. Calculate the remainder when z/(-28) + 4/(-14) is divided by 5.
2
Let v(s) = -3*s - 4. Suppose 2 = 2*d - d. Suppose -f - d = 3. What is the remainder when v(f) is divided by 7?
4
Let j(o) = 14*o + 7. Let f be j(6). Suppose 2*k + 339 = 5*m - f, k = 2*m - 172. Calculate the remainder when m is divided by 22.
20
Let b = -3 + 8. Suppose 4*z + t = -4*t - 34, -36 = b*z + 3*t. Let v = z - -8. Calculate the remainder when 3 is divided by v.
1
Suppose 80 = -0*n + 5*n. Let g be (-11 - 1)/(1/2). Let x = g + 70. What is the remainder when x is divided by n?
14
Suppose -5*c + 210 = -5*o, -9*c + 4*c + 3*o = -204. What is the remainder when c is divided by 10?
9
Let s = 71 - 70. Suppose f - 3*f - 2*w = -10, -4*f + 25 = 5*w. Suppose -10 = -5*l - f*l. Calculate the remainder when l is divided by s.
0
Suppose -2*f + 68 = -30. What is the remainder when f is divided by 25?
24
Suppose -z = -3*z + 3*y + 151, -3*y + 181 = 2*z. What is the remainder when z is divided by 21?
20
Suppose 21 - 87 = -3*m. What is the remainder when 63 is divided by m?
19
Let c = -118 + 271. What is the remainder when c is divided by 26?
23
What is the remainder when 34 is divided by ((-115)/(-9) - 6/(-27)) + -1?
10
Let b = 26 + 3. What is the remainder when 57 is divided by b?
28
Let d = -11 - -16. Let r(y) = y**2 - 4*y - 2. What is the remainder when r(-3) is divided by d?
4
Suppose 0*w = -4*w + 92. What is the remainder when 91 is divided by w?
22
Let l(n) = -n**3 + 16*n**2 + 40*n - 31. What is the remainder when l(18) is divided by (0 - 1)/((-1)/14)?
13
Let d = 17 + -8. Let u = 2 + 3. Suppose 3*b - 76 = -u*o, 53 = 4*b - 5*o + 2*o. What is the remainder when b is divided by d?
8
Let v = 6 + -4. Suppose -v*p - 2*h = -32, 2*h + 6 + 0 = 0. Calculate the remainder when p is divided by 7.
5
Suppose 8*u = 3*u. Let n = u - -14. What is the remainder when (-477)/(-21) - (-4)/n is divided by 8?
7
Suppose 0 = -3*y - 3*z + 129, 3*y + 4*z - 2*z - 129 = 0. Let x be (-45)/(-1 - 10/(-4)). Let c = x - -45. What is the remainder when y is divided by c?
13
Suppose -4*p + 22 + 50 = 0. Suppose -j + 94 = 25. Calculate the remainder when j is divided by p.
15
Let k(v) = 11*v - 10 - 2*v - 2*v. Let j be k(-10). Let s = 119 + j. Calculate the remainder when s is divided by 21.
18
Suppose -25 = -5*q - 0*q. Let v = 7 - q. Let j(h) = 2*h - 2. What is the remainder when v is divided by j(2)?
0
Let o(y) = 2*y**2 + 1. Let f be o(1). Suppose 5*c + 166 = -3*w, -6 = -w - 3. What is the remainder when 32 is divided by (-6)/9 - c/f?
10
Suppose -5*x - 6*x + 55 = 0. Let y be 2/4*(0 - 0). Let f = y - -9. Calcula